{"id":10793,"date":"2021-10-12T09:58:48","date_gmt":"2021-10-12T09:58:48","guid":{"rendered":"http:\/\/oldtimerfreunde-miesbach.de\/?page_id=10793"},"modified":"2021-10-12T11:16:31","modified_gmt":"2021-10-12T11:16:31","slug":"filmdreh-2021","status":"publish","type":"page","link":"https:\/\/oldtimerfreunde-miesbach.de\/?page_id=10793","title":{"rendered":"Filmdreh 2021"},"content":{"rendered":"\n<p>Im Auftrag des ZDF wurde im Landkreis Miesbach f\u00fcr eine sechsteilige Serie gedreht und daf\u00fcr wurden Fahrzeuge aus den 80er und fr\u00fchen 90er Jahren ben\u00f6tigt. Die Anfrage hat uns recht kurzfristig erreicht und erforderte einige Flexibilt\u00e4t (erst 15 Fahrzeuge, dann keine, dann zwei, dann vier und am Ende dann doch f\u00fcnf) und Ausdauer (u.a. Nachtdreh bis 23 Uhr), aber bekanntlich gibt es nichts wof\u00fcr im Verein keine L\u00f6sung gefunden wird und wir konnten der Produktionsfirma alles bieten, was diese brauchte.<\/p>\n<p>Leider d\u00fcrfen wir vor Ausstrahlung der Serie (geplant 2022) keine Szenenbilder zeigen, aber wenigstens die gestellten Fahrzeuge und den Einblick in die H\u00e4rten des Filmgesch\u00e4fts f\u00fcr unsere teilnehmenden Mitglieder wollen wir euch nicht vorenthalten . ngg_shortcode_0_placeholder<\/p>\n","protected":false},"excerpt":{"rendered":"<p>Im Auftrag des ZDF wurde im Landkreis Miesbach f\u00fcr eine sechsteilige Serie gedreht und daf\u00fcr wurden Fahrzeuge aus den 80er und fr\u00fchen 90er Jahren ben\u00f6tigt. Die Anfrage hat uns recht kurzfristig erreicht und erforderte einige Flexibilt\u00e4t (erst 15 Fahrzeuge, dann <span class=\"excerpt-dots\">&hellip;<\/span> <a class=\"more-link\" href=\"https:\/\/oldtimerfreunde-miesbach.de\/?page_id=10793\"><span class=\"more-msg\">Weiterlesen &rarr;<\/span><\/a><\/p>\n","protected":false},"author":1,"featured_media":0,"parent":10283,"menu_order":93,"comment_status":"closed","ping_status":"closed","template":"","meta":{"ngg_post_thumbnail":0,"footnotes":""},"class_list":["post-10793","page","type-page","status-publish","hentry"],"publishpress_future_action":{"enabled":false,"date":"2026-04-27 03:30:45","action":"change-status","newStatus":"draft","terms":[],"taxonomy":"","extraData":[]},"publishpress_future_workflow_manual_trigger":{"enabledWorkflows":[]},"_links":{"self":[{"href":"https:\/\/oldtimerfreunde-miesbach.de\/index.php?rest_route=\/wp\/v2\/pages\/10793","targetHints":{"allow":["GET"]}}],"collection":[{"href":"https:\/\/oldtimerfreunde-miesbach.de\/index.php?rest_route=\/wp\/v2\/pages"}],"about":[{"href":"https:\/\/oldtimerfreunde-miesbach.de\/index.php?rest_route=\/wp\/v2\/types\/page"}],"author":[{"embeddable":true,"href":"https:\/\/oldtimerfreunde-miesbach.de\/index.php?rest_route=\/wp\/v2\/users\/1"}],"replies":[{"embeddable":true,"href":"https:\/\/oldtimerfreunde-miesbach.de\/index.php?rest_route=%2Fwp%2Fv2%2Fcomments&post=10793"}],"version-history":[{"count":5,"href":"https:\/\/oldtimerfreunde-miesbach.de\/index.php?rest_route=\/wp\/v2\/pages\/10793\/revisions"}],"predecessor-version":[{"id":10809,"href":"https:\/\/oldtimerfreunde-miesbach.de\/index.php?rest_route=\/wp\/v2\/pages\/10793\/revisions\/10809"}],"up":[{"embeddable":true,"href":"https:\/\/oldtimerfreunde-miesbach.de\/index.php?rest_route=\/wp\/v2\/pages\/10283"}],"wp:attachment":[{"href":"https:\/\/oldtimerfreunde-miesbach.de\/index.php?rest_route=%2Fwp%2Fv2%2Fmedia&parent=10793"}],"curies":[{"name":"wp","href":"https:\/\/api.w.org\/{rel}","templated":true}]}}