{"id":13048,"date":"2023-10-18T16:33:05","date_gmt":"2023-10-18T16:33:05","guid":{"rendered":"https:\/\/oldtimerfreunde-miesbach.de\/?page_id=13048"},"modified":"2023-10-18T16:33:06","modified_gmt":"2023-10-18T16:33:06","slug":"kirchweihausfahrt-saisonabschluss","status":"publish","type":"page","link":"https:\/\/oldtimerfreunde-miesbach.de\/?page_id=13048","title":{"rendered":"Kirchweihausfahrt \/ Saisonabschluss"},"content":{"rendered":"\n<p>Es ist inzwischen guter Brauch der Oldtimerfreunde Miesbach, am Kirta-Montag die offizielle Oldtimersaion mit einer kleinen Abschlussrundfahrt zu beenden.&nbsp; Bei ungewohnt frostigen Morgentemperaturen fanden sich 14 Traktoren, 9 PKW und ein eiserner Motorradfahrer zusammen.<\/p>\n<p>Treffpunkt war wie immer der Br\u00e4uwirt in Miesbach mit einem herzlichen Empfang der Wirtin Hanni Huber, die es sich nicht nehmen l\u00e4\u00dft, allen Teilnehmern ein Kirta-Bier auszugeben. Wieder aufgew\u00e4rmt ging es anschlie\u00dfend bei jetzt herrlichem Herbstwetter auf eine entspannte Runde im herbstlich bunten Oberland.<\/p>\n<p>Die meisten Sch\u00e4tzchen werden nun bald in den Winterschlaf geschickt und es beginnt die Schrauberzeit um Fahrer und Fahrzeuge wieder f\u00fcr&#8217;s Fr\u00fchjahr fit zu machen. <\/p>\n\n\n\nngg_shortcode_0_placeholder\n","protected":false},"excerpt":{"rendered":"<p>Es ist inzwischen guter Brauch der Oldtimerfreunde Miesbach, am Kirta-Montag die offizielle Oldtimersaion mit einer kleinen Abschlussrundfahrt zu beenden.&nbsp; Bei ungewohnt frostigen Morgentemperaturen fanden sich 14 Traktoren, 9 PKW und ein eiserner Motorradfahrer zusammen. Treffpunkt war wie immer der Br\u00e4uwirt <span class=\"excerpt-dots\">&hellip;<\/span> <a class=\"more-link\" href=\"https:\/\/oldtimerfreunde-miesbach.de\/?page_id=13048\"><span class=\"more-msg\">Weiterlesen &rarr;<\/span><\/a><\/p>\n","protected":false},"author":3,"featured_media":0,"parent":12439,"menu_order":60,"comment_status":"closed","ping_status":"closed","template":"","meta":{"ngg_post_thumbnail":0,"footnotes":""},"class_list":["post-13048","page","type-page","status-publish","hentry"],"publishpress_future_action":{"enabled":false,"date":"2026-04-19 22:09:48","action":"change-status","newStatus":"draft","terms":[],"taxonomy":"","extraData":[]},"publishpress_future_workflow_manual_trigger":{"enabledWorkflows":[]},"_links":{"self":[{"href":"https:\/\/oldtimerfreunde-miesbach.de\/index.php?rest_route=\/wp\/v2\/pages\/13048","targetHints":{"allow":["GET"]}}],"collection":[{"href":"https:\/\/oldtimerfreunde-miesbach.de\/index.php?rest_route=\/wp\/v2\/pages"}],"about":[{"href":"https:\/\/oldtimerfreunde-miesbach.de\/index.php?rest_route=\/wp\/v2\/types\/page"}],"author":[{"embeddable":true,"href":"https:\/\/oldtimerfreunde-miesbach.de\/index.php?rest_route=\/wp\/v2\/users\/3"}],"replies":[{"embeddable":true,"href":"https:\/\/oldtimerfreunde-miesbach.de\/index.php?rest_route=%2Fwp%2Fv2%2Fcomments&post=13048"}],"version-history":[{"count":1,"href":"https:\/\/oldtimerfreunde-miesbach.de\/index.php?rest_route=\/wp\/v2\/pages\/13048\/revisions"}],"predecessor-version":[{"id":13049,"href":"https:\/\/oldtimerfreunde-miesbach.de\/index.php?rest_route=\/wp\/v2\/pages\/13048\/revisions\/13049"}],"up":[{"embeddable":true,"href":"https:\/\/oldtimerfreunde-miesbach.de\/index.php?rest_route=\/wp\/v2\/pages\/12439"}],"wp:attachment":[{"href":"https:\/\/oldtimerfreunde-miesbach.de\/index.php?rest_route=%2Fwp%2Fv2%2Fmedia&parent=13048"}],"curies":[{"name":"wp","href":"https:\/\/api.w.org\/{rel}","templated":true}]}}