{"id":13090,"date":"2023-12-17T10:49:37","date_gmt":"2023-12-17T10:49:37","guid":{"rendered":"https:\/\/oldtimerfreunde-miesbach.de\/?page_id=13090"},"modified":"2023-12-17T10:50:06","modified_gmt":"2023-12-17T10:50:06","slug":"einweihung-schopfgrabenbruecke","status":"publish","type":"page","link":"https:\/\/oldtimerfreunde-miesbach.de\/?page_id=13090","title":{"rendered":"Einweihung Schopfgrabenbr\u00fccke"},"content":{"rendered":"\n<div class=\"wp-block-columns is-layout-flex wp-container-core-columns-is-layout-9d6595d7 wp-block-columns-is-layout-flex\">\n<div class=\"wp-block-column is-layout-flow wp-block-column-is-layout-flow\">\n<p>Das kennt ja jeder Oldtimerfreund zur Gen\u00fcge: man will nur schnell etwas am Fahrzeug machen und es entpuppt sich doch als deutlich langwieriger und aufw\u00e4ndiger als gehofft und gedacht.<\/p>\n<p>So \u00e4hnlich war es auch mit der neuen Br\u00fccke \u00fcber den Schopfgraben. Sie h\u00e4tte eigentlich auch lange vor dem ersten Schnee fertig sein sollen, aber obwohl (oder vielleicht gerade weil) sie ein Neubau ist und kein Oldtimer zog es sich dann doch ziemlich hin.<\/p>\n<p>Egal: rechtzeitig vor Weihnachten konnte sie am 15.12.23 dann doch f\u00fcr den Verkehr freigegeben werden. Quasi als vorgezogenes Weihnachtsgeschenk f\u00fcr die mit der Baustelle doch ziemlich strapazierten Anwohner.<\/p>\n<p>Auch wir waren unmittelbar betroffen, konnten wir doch wegen der Baustelle monatelang nicht an unseren Vereinsschuppen ran. Also war es nur logisch, dass das erste Fahrzeug bei der offiziellem Freigabe der Br\u00fccke eines der Oldtimerfreunde war.<\/p>\n<\/div>\n\n\n\n<div class=\"wp-block-column is-layout-flow wp-block-column-is-layout-flow\">\n<figure class=\"wp-block-image size-full\"><img loading=\"lazy\" decoding=\"async\" width=\"450\" height=\"800\" src=\"https:\/\/oldtimerfreunde-miesbach.de\/wp-content\/uploads\/2023\/12\/231215-Eroeffnung-Schopfgrabenbruecke_1-1.jpg\" alt=\"\" class=\"wp-image-13093\" srcset=\"https:\/\/oldtimerfreunde-miesbach.de\/wp-content\/uploads\/2023\/12\/231215-Eroeffnung-Schopfgrabenbruecke_1-1.jpg 450w, https:\/\/oldtimerfreunde-miesbach.de\/wp-content\/uploads\/2023\/12\/231215-Eroeffnung-Schopfgrabenbruecke_1-1-169x300.jpg 169w\" sizes=\"auto, (max-width: 450px) 100vw, 450px\" \/><\/figure>\n<\/div>\n<\/div>\n","protected":false},"excerpt":{"rendered":"<p>Das kennt ja jeder Oldtimerfreund zur Gen\u00fcge: man will nur schnell etwas am Fahrzeug machen und es entpuppt sich doch als deutlich langwieriger und aufw\u00e4ndiger als gehofft und gedacht. So \u00e4hnlich war es auch mit der neuen Br\u00fccke \u00fcber den <span class=\"excerpt-dots\">&hellip;<\/span> <a class=\"more-link\" href=\"https:\/\/oldtimerfreunde-miesbach.de\/?page_id=13090\"><span class=\"more-msg\">Weiterlesen &rarr;<\/span><\/a><\/p>\n","protected":false},"author":3,"featured_media":0,"parent":12439,"menu_order":55,"comment_status":"closed","ping_status":"closed","template":"","meta":{"ngg_post_thumbnail":0,"footnotes":""},"class_list":["post-13090","page","type-page","status-publish","hentry"],"publishpress_future_action":{"enabled":false,"date":"2026-05-05 11:29:45","action":"change-status","newStatus":"draft","terms":[],"taxonomy":"","extraData":[]},"publishpress_future_workflow_manual_trigger":{"enabledWorkflows":[]},"_links":{"self":[{"href":"https:\/\/oldtimerfreunde-miesbach.de\/index.php?rest_route=\/wp\/v2\/pages\/13090","targetHints":{"allow":["GET"]}}],"collection":[{"href":"https:\/\/oldtimerfreunde-miesbach.de\/index.php?rest_route=\/wp\/v2\/pages"}],"about":[{"href":"https:\/\/oldtimerfreunde-miesbach.de\/index.php?rest_route=\/wp\/v2\/types\/page"}],"author":[{"embeddable":true,"href":"https:\/\/oldtimerfreunde-miesbach.de\/index.php?rest_route=\/wp\/v2\/users\/3"}],"replies":[{"embeddable":true,"href":"https:\/\/oldtimerfreunde-miesbach.de\/index.php?rest_route=%2Fwp%2Fv2%2Fcomments&post=13090"}],"version-history":[{"count":4,"href":"https:\/\/oldtimerfreunde-miesbach.de\/index.php?rest_route=\/wp\/v2\/pages\/13090\/revisions"}],"predecessor-version":[{"id":13097,"href":"https:\/\/oldtimerfreunde-miesbach.de\/index.php?rest_route=\/wp\/v2\/pages\/13090\/revisions\/13097"}],"up":[{"embeddable":true,"href":"https:\/\/oldtimerfreunde-miesbach.de\/index.php?rest_route=\/wp\/v2\/pages\/12439"}],"wp:attachment":[{"href":"https:\/\/oldtimerfreunde-miesbach.de\/index.php?rest_route=%2Fwp%2Fv2%2Fmedia&parent=13090"}],"curies":[{"name":"wp","href":"https:\/\/api.w.org\/{rel}","templated":true}]}}