{"id":13494,"date":"2024-06-23T11:11:53","date_gmt":"2024-06-23T11:11:53","guid":{"rendered":"https:\/\/oldtimerfreunde-miesbach.de\/?page_id=13494"},"modified":"2024-06-30T11:15:23","modified_gmt":"2024-06-30T11:15:23","slug":"oldtimer-benefizrundfahrt","status":"publish","type":"page","link":"https:\/\/oldtimerfreunde-miesbach.de\/?page_id=13494","title":{"rendered":"Oldtimer-Benefiz-Stadtrundfahrt"},"content":{"rendered":"\n<p>Viele haben sich schon wieder darauf gefreut und am 22.6. war es endlich wieder soweit: zum dritten Mal fand unsere inzwischen weit \u00fcber Miesbach hinaus bekannte Benefiz-Oldtimer-Stadtrundfahrt statt. Das Besondere daran: Oldtimer nicht nur anschauen, sondern reinsetzen, mitfahren und mit einer kleinen Spende noch etwas Gutes tun!<\/p>\n<p>Das Wetter meinte es gut, die Besucher mit Kindern kamen in Scharen und genossen zusammen mit den Oldtimerbesitzern die Stadtrundfahrten. Die Auswahl an Fahrzeugen war wieder vielf\u00e4ltig: von der NSU Max mit Beiwagen \u00fcber einen Cadillac Stra\u00dfenkreuzer, mehrere Feuerwehrfahrzeuge, unterschiedlichste Traktoren und PKWs bis hin zu einem wie werksneu restaurierten Scania konnte alles &#8222;getestet&#8220; werden. Viele probierten sich gleich durch den gesamten Fuhrpark und hatten Spa\u00df am Sehen und Gesehen-werden bei den Runden durch die engen Gassen von Miesbach &#8211;&nbsp; was mit dem ein oder anderen Fahrzeug durchaus eine Herausforderung f\u00fcr Fahrer und Mitfahrer ist.<\/p>\n<p>Wie jedes Jahr lie\u00df es sich unser B\u00fcrgermeister Gerhard Braunmiller nicht nehmen, mit seiner BMW R 80 GS die erste Runde anzuf\u00fchren. Unterst\u00fctzt wurde die Aktion wieder vom schon bew\u00e4hrten Team Inklussions-Spielplatz, das die Besucher und Aktiven mit Kaffee, Kuchen und Getr\u00e4nken versorgte. Den gastlichen Platz daf\u00fcr haben uns wieder die Haberer \u00fcberlassen.&nbsp;Vielen Dank an alle Unterst\u00fctzer und Besucher, mit denen wir uns \u00fcber eine sehr gelungene Veranstaltung freuen.<\/p>\n<p>Der Erl\u00f6s der diesj\u00e4hrigen Rundfahrt flie\u00dft in die Gestaltung des neuen Kinderbereichs im Warmbad Miesbach. Und im n\u00e4chsten Jahr wird es wieder eine Rundfahrt geben mit Oldtimern zum Anfassen und Erleben.<\/p>\n<p>Bericht im Miesbacher Merkur vom 29.6.2024 <a href=\"https:\/\/www.merkur.de\/lokales\/region-miesbach\/dasgelbeblatt\/oldtimer-in-miesbach-rundfahrten-fuer-die-warmbadsanierung-93157255.html\" data-wplink-edit=\"true\">hier&#8230;<\/a><\/p>\nngg_shortcode_0_placeholder\n<p>&nbsp;<\/p>\n<p>&nbsp;<\/p>\n","protected":false},"excerpt":{"rendered":"<p>Viele haben sich schon wieder darauf gefreut und am 22.6. war es endlich wieder soweit: zum dritten Mal fand unsere inzwischen weit \u00fcber Miesbach hinaus bekannte Benefiz-Oldtimer-Stadtrundfahrt statt. Das Besondere daran: Oldtimer nicht nur anschauen, sondern reinsetzen, mitfahren und mit <span class=\"excerpt-dots\">&hellip;<\/span> <a class=\"more-link\" href=\"https:\/\/oldtimerfreunde-miesbach.de\/?page_id=13494\"><span class=\"more-msg\">Weiterlesen &rarr;<\/span><\/a><\/p>\n","protected":false},"author":3,"featured_media":0,"parent":13177,"menu_order":60,"comment_status":"closed","ping_status":"closed","template":"","meta":{"ngg_post_thumbnail":0,"footnotes":""},"class_list":["post-13494","page","type-page","status-publish","hentry"],"publishpress_future_action":{"enabled":false,"date":"2026-04-27 03:34:48","action":"change-status","newStatus":"draft","terms":[],"taxonomy":"","extraData":[]},"publishpress_future_workflow_manual_trigger":{"enabledWorkflows":[]},"_links":{"self":[{"href":"https:\/\/oldtimerfreunde-miesbach.de\/index.php?rest_route=\/wp\/v2\/pages\/13494","targetHints":{"allow":["GET"]}}],"collection":[{"href":"https:\/\/oldtimerfreunde-miesbach.de\/index.php?rest_route=\/wp\/v2\/pages"}],"about":[{"href":"https:\/\/oldtimerfreunde-miesbach.de\/index.php?rest_route=\/wp\/v2\/types\/page"}],"author":[{"embeddable":true,"href":"https:\/\/oldtimerfreunde-miesbach.de\/index.php?rest_route=\/wp\/v2\/users\/3"}],"replies":[{"embeddable":true,"href":"https:\/\/oldtimerfreunde-miesbach.de\/index.php?rest_route=%2Fwp%2Fv2%2Fcomments&post=13494"}],"version-history":[{"count":7,"href":"https:\/\/oldtimerfreunde-miesbach.de\/index.php?rest_route=\/wp\/v2\/pages\/13494\/revisions"}],"predecessor-version":[{"id":13509,"href":"https:\/\/oldtimerfreunde-miesbach.de\/index.php?rest_route=\/wp\/v2\/pages\/13494\/revisions\/13509"}],"up":[{"embeddable":true,"href":"https:\/\/oldtimerfreunde-miesbach.de\/index.php?rest_route=\/wp\/v2\/pages\/13177"}],"wp:attachment":[{"href":"https:\/\/oldtimerfreunde-miesbach.de\/index.php?rest_route=%2Fwp%2Fv2%2Fmedia&parent=13494"}],"curies":[{"name":"wp","href":"https:\/\/api.w.org\/{rel}","templated":true}]}}