{"id":13757,"date":"2024-12-25T10:28:33","date_gmt":"2024-12-25T10:28:33","guid":{"rendered":"https:\/\/oldtimerfreunde-miesbach.de\/?page_id=13757"},"modified":"2026-03-04T14:49:36","modified_gmt":"2026-03-04T14:49:36","slug":"10-jahre-oldtimerfreunde-miesbach-e-v","status":"publish","type":"page","link":"https:\/\/oldtimerfreunde-miesbach.de\/?page_id=13757","title":{"rendered":"10 Jahre Oldtimerfreunde Miesbach e.V."},"content":{"rendered":"\n<div class=\"wp-block-columns is-layout-flex wp-container-core-columns-is-layout-9d6595d7 wp-block-columns-is-layout-flex\">\n<div class=\"wp-block-column is-layout-flow wp-block-column-is-layout-flow\" style=\"flex-basis:85%\">\n<p>2025 ist ein ganz besonderes Jahr f\u00fcr uns: die Oldtimerfreunde Miesbach gibt es seit 10 Jahren. St\u00f6bert doch mal unter \u201eSehenswertes\u201c durchs Fotoalbum und die Pressestimen und ihr werdet staunen, was in den 10 Jahren Oldtimerfreunde Miesbach alles geboten war.<\/p>\n<p>Schau auf jeden Fall auch in unsere <a href=\"https:\/\/oldtimerfreunde-miesbach.de\/wp-content\/uploads\/2025\/04\/250425-OFM-Vereinschronik-10-Jahre-online.pdf\" target=\"_blank\" rel=\"noopener\">Vereinschronik<\/a>&nbsp; <\/p>\n<p>Natrlich werden wir werden das mit einer ganzen Reihe von Aktionen geb\u00fchrend feiern &#8211; Bew\u00e4hrten und Neuen. Einen kleiner \u00dcberblick:<\/p>\n<\/div>\n\n\n\n<div class=\"wp-block-column is-layout-flow wp-block-column-is-layout-flow\" style=\"flex-basis:15%\">\n<figure class=\"wp-block-image size-thumbnail\"><img loading=\"lazy\" decoding=\"async\" width=\"150\" height=\"150\" src=\"https:\/\/oldtimerfreunde-miesbach.de\/wp-content\/uploads\/2024\/11\/2025-OFM-10-Jahre-2025-150x150.png\" alt=\"\" class=\"wp-image-13712\"\/><\/figure>\n<\/div>\n<\/div>\n\n\n\n<ul class=\"wp-block-list\">\n<li>Jeweils einmal im Quartal wird es am Stammtisch ein spezielles Thema geben, das von Mitgliedern behandelt wird. Mehr dazu unter <a href=\"https:\/\/oldtimerfreunde-miesbach.de\/?page_id=826\">Termine<\/a><\/li>\n\n\n\n<li>Erstmals gab es am 3. und 4.Mai eine zweit\u00e4gige Ausfahrt. Auf kleinen Strassen mit interessanten Haltepunkten ging es ins Altm\u00fchltal und wieder zur\u00fcck nach Miesbach. In kleinen Fahrzeuggruppen, so dass jeder Fahrer und jedes Fahrzeug sein Tempo fahren kann. <\/li>\n\n\n\n<li>H\u00f6hepunkt des Jahres ist unsere Jubil\u00e4umsfeier am 12. Juli auf dem Haberer Platz in Miesbach, nat\u00fcrlich mit vielen Fahrzeugen der Oldtimerfreunde, aber auch mit einem umfangreichen und vielf\u00e4ltigen Programm. <br>Mehr dazufindest du <a href=\"https:\/\/oldtimerfreunde-miesbach.de\/?page_id=14206\" rel=\"nofollow\">hier&#8230;<\/a><\/li>\n<\/ul>\n\n\n\n<p><br>Pressestimmen zum Jubil\u00e4um findest Du <a href=\"https:\/\/oldtimerfreunde-miesbach.de\/?page_id=11357\">hier&#8230;<\/a><\/p>\n","protected":false},"excerpt":{"rendered":"<p>2025 ist ein ganz besonderes Jahr f\u00fcr uns: die Oldtimerfreunde Miesbach gibt es seit 10 Jahren. St\u00f6bert doch mal unter \u201eSehenswertes\u201c durchs Fotoalbum und die Pressestimen und ihr werdet staunen, was in den 10 Jahren Oldtimerfreunde Miesbach alles geboten war. <span class=\"excerpt-dots\">&hellip;<\/span> <a class=\"more-link\" href=\"https:\/\/oldtimerfreunde-miesbach.de\/?page_id=13757\"><span class=\"more-msg\">Weiterlesen &rarr;<\/span><\/a><\/p>\n","protected":false},"author":3,"featured_media":0,"parent":7,"menu_order":5,"comment_status":"closed","ping_status":"closed","template":"","meta":{"ngg_post_thumbnail":0,"footnotes":""},"class_list":["post-13757","page","type-page","status-publish","hentry"],"publishpress_future_action":{"enabled":false,"date":"2026-05-15 11:31:39","action":"change-status","newStatus":"draft","terms":[],"taxonomy":"","extraData":[]},"publishpress_future_workflow_manual_trigger":{"enabledWorkflows":[]},"_links":{"self":[{"href":"https:\/\/oldtimerfreunde-miesbach.de\/index.php?rest_route=\/wp\/v2\/pages\/13757","targetHints":{"allow":["GET"]}}],"collection":[{"href":"https:\/\/oldtimerfreunde-miesbach.de\/index.php?rest_route=\/wp\/v2\/pages"}],"about":[{"href":"https:\/\/oldtimerfreunde-miesbach.de\/index.php?rest_route=\/wp\/v2\/types\/page"}],"author":[{"embeddable":true,"href":"https:\/\/oldtimerfreunde-miesbach.de\/index.php?rest_route=\/wp\/v2\/users\/3"}],"replies":[{"embeddable":true,"href":"https:\/\/oldtimerfreunde-miesbach.de\/index.php?rest_route=%2Fwp%2Fv2%2Fcomments&post=13757"}],"version-history":[{"count":17,"href":"https:\/\/oldtimerfreunde-miesbach.de\/index.php?rest_route=\/wp\/v2\/pages\/13757\/revisions"}],"predecessor-version":[{"id":14297,"href":"https:\/\/oldtimerfreunde-miesbach.de\/index.php?rest_route=\/wp\/v2\/pages\/13757\/revisions\/14297"}],"up":[{"embeddable":true,"href":"https:\/\/oldtimerfreunde-miesbach.de\/index.php?rest_route=\/wp\/v2\/pages\/7"}],"wp:attachment":[{"href":"https:\/\/oldtimerfreunde-miesbach.de\/index.php?rest_route=%2Fwp%2Fv2%2Fmedia&parent=13757"}],"curies":[{"name":"wp","href":"https:\/\/api.w.org\/{rel}","templated":true}]}}