{"id":13812,"date":"2024-12-27T09:42:46","date_gmt":"2024-12-27T09:42:46","guid":{"rendered":"https:\/\/oldtimerfreunde-miesbach.de\/?page_id=13812"},"modified":"2024-12-27T09:42:47","modified_gmt":"2024-12-27T09:42:47","slug":"schupfenumbau","status":"publish","type":"page","link":"https:\/\/oldtimerfreunde-miesbach.de\/?page_id=13812","title":{"rendered":"Schupfenumbau"},"content":{"rendered":"\n<p>Geplant war es ja schon l\u00e4nger: unsere Vereinsschupf umbauen und etwas praktischer und sch\u00f6ner gestalten. Das Hochwasser im Juni 2024 hat dann noch einmal die Dringlichkeit erh\u00f6ht, standen doch da einige Fahrzeuge bis \u00fcber die Achsen im Wasser. Es war also klar: jetzt muss was passieren, wir m\u00fcssen wenigstens die Abstellfl\u00e4chen erh\u00f6hen um besser gesch\u00fctzt zu sein. Dazu sollte als erstes ein Pflaster rein. Im November war es dann soweit und Profis aus dem Verein und dem Unterst\u00fctzerkreis haben angepackt. Noch gibt es einiges zu tun, es sollen auch neue Tore eingebaut werden, damit das Rangieren der Fahrzeuge leichter geht, aber ein wichtiger Schritt ist geschafft.<\/p>\n<p>Vielen Dank an alle tatkr\u00e4ftigen Unterst\u00fctzer und Helfer!<\/p>\n<p>&nbsp;<\/p>\n\n\n\n<figure class=\"wp-block-gallery has-nested-images columns-default is-cropped wp-block-gallery-1 is-layout-flex wp-block-gallery-is-layout-flex\">\n<figure class=\"wp-block-image size-large\"><img loading=\"lazy\" decoding=\"async\" width=\"1024\" height=\"768\" data-id=\"13819\" src=\"https:\/\/oldtimerfreunde-miesbach.de\/wp-content\/uploads\/2024\/12\/241108-Schupfenumbau-7290.jpg\" alt=\"\" class=\"wp-image-13819\" srcset=\"https:\/\/oldtimerfreunde-miesbach.de\/wp-content\/uploads\/2024\/12\/241108-Schupfenumbau-7290.jpg 1024w, https:\/\/oldtimerfreunde-miesbach.de\/wp-content\/uploads\/2024\/12\/241108-Schupfenumbau-7290-300x225.jpg 300w, https:\/\/oldtimerfreunde-miesbach.de\/wp-content\/uploads\/2024\/12\/241108-Schupfenumbau-7290-768x576.jpg 768w\" sizes=\"auto, (max-width: 1024px) 100vw, 1024px\" \/><\/figure>\n\n\n\n<figure class=\"wp-block-image size-large\"><img loading=\"lazy\" decoding=\"async\" width=\"1024\" height=\"768\" data-id=\"13817\" src=\"https:\/\/oldtimerfreunde-miesbach.de\/wp-content\/uploads\/2024\/12\/241108-Schupfenumbau-7291.jpg\" alt=\"\" class=\"wp-image-13817\" srcset=\"https:\/\/oldtimerfreunde-miesbach.de\/wp-content\/uploads\/2024\/12\/241108-Schupfenumbau-7291.jpg 1024w, https:\/\/oldtimerfreunde-miesbach.de\/wp-content\/uploads\/2024\/12\/241108-Schupfenumbau-7291-300x225.jpg 300w, https:\/\/oldtimerfreunde-miesbach.de\/wp-content\/uploads\/2024\/12\/241108-Schupfenumbau-7291-768x576.jpg 768w\" sizes=\"auto, (max-width: 1024px) 100vw, 1024px\" \/><\/figure>\n\n\n\n<figure class=\"wp-block-image size-large\"><img loading=\"lazy\" decoding=\"async\" width=\"600\" height=\"800\" data-id=\"13814\" src=\"https:\/\/oldtimerfreunde-miesbach.de\/wp-content\/uploads\/2024\/12\/241108-Schupfenumbau-7294.jpg\" alt=\"\" class=\"wp-image-13814\" srcset=\"https:\/\/oldtimerfreunde-miesbach.de\/wp-content\/uploads\/2024\/12\/241108-Schupfenumbau-7294.jpg 600w, https:\/\/oldtimerfreunde-miesbach.de\/wp-content\/uploads\/2024\/12\/241108-Schupfenumbau-7294-225x300.jpg 225w\" sizes=\"auto, (max-width: 600px) 100vw, 600px\" \/><\/figure>\n\n\n\n<figure class=\"wp-block-image size-large\"><img loading=\"lazy\" decoding=\"async\" width=\"1024\" height=\"768\" data-id=\"13818\" src=\"https:\/\/oldtimerfreunde-miesbach.de\/wp-content\/uploads\/2024\/12\/241108-Schupfenumbau-7295.jpg\" alt=\"\" class=\"wp-image-13818\" srcset=\"https:\/\/oldtimerfreunde-miesbach.de\/wp-content\/uploads\/2024\/12\/241108-Schupfenumbau-7295.jpg 1024w, https:\/\/oldtimerfreunde-miesbach.de\/wp-content\/uploads\/2024\/12\/241108-Schupfenumbau-7295-300x225.jpg 300w, https:\/\/oldtimerfreunde-miesbach.de\/wp-content\/uploads\/2024\/12\/241108-Schupfenumbau-7295-768x576.jpg 768w\" sizes=\"auto, (max-width: 1024px) 100vw, 1024px\" \/><\/figure>\n\n\n\n<figure class=\"wp-block-image size-large\"><img loading=\"lazy\" decoding=\"async\" width=\"1024\" height=\"768\" data-id=\"13816\" src=\"https:\/\/oldtimerfreunde-miesbach.de\/wp-content\/uploads\/2024\/12\/241108-Schupfenumbau-7296.jpg\" alt=\"\" class=\"wp-image-13816\" srcset=\"https:\/\/oldtimerfreunde-miesbach.de\/wp-content\/uploads\/2024\/12\/241108-Schupfenumbau-7296.jpg 1024w, https:\/\/oldtimerfreunde-miesbach.de\/wp-content\/uploads\/2024\/12\/241108-Schupfenumbau-7296-300x225.jpg 300w, https:\/\/oldtimerfreunde-miesbach.de\/wp-content\/uploads\/2024\/12\/241108-Schupfenumbau-7296-768x576.jpg 768w\" sizes=\"auto, (max-width: 1024px) 100vw, 1024px\" \/><\/figure>\n\n\n\n<figure class=\"wp-block-image size-large\"><img loading=\"lazy\" decoding=\"async\" width=\"1024\" height=\"768\" data-id=\"13815\" src=\"https:\/\/oldtimerfreunde-miesbach.de\/wp-content\/uploads\/2024\/12\/241108-Schupfenumbau-7296_1.jpg\" alt=\"\" class=\"wp-image-13815\" srcset=\"https:\/\/oldtimerfreunde-miesbach.de\/wp-content\/uploads\/2024\/12\/241108-Schupfenumbau-7296_1.jpg 1024w, https:\/\/oldtimerfreunde-miesbach.de\/wp-content\/uploads\/2024\/12\/241108-Schupfenumbau-7296_1-300x225.jpg 300w, https:\/\/oldtimerfreunde-miesbach.de\/wp-content\/uploads\/2024\/12\/241108-Schupfenumbau-7296_1-768x576.jpg 768w\" sizes=\"auto, (max-width: 1024px) 100vw, 1024px\" \/><\/figure>\n\n\n\n<figure class=\"wp-block-image size-large\"><img loading=\"lazy\" decoding=\"async\" width=\"1024\" height=\"768\" data-id=\"13824\" src=\"https:\/\/oldtimerfreunde-miesbach.de\/wp-content\/uploads\/2024\/12\/241108-Schupfenumbau-7296_3.jpg\" alt=\"\" class=\"wp-image-13824\" srcset=\"https:\/\/oldtimerfreunde-miesbach.de\/wp-content\/uploads\/2024\/12\/241108-Schupfenumbau-7296_3.jpg 1024w, https:\/\/oldtimerfreunde-miesbach.de\/wp-content\/uploads\/2024\/12\/241108-Schupfenumbau-7296_3-300x225.jpg 300w, https:\/\/oldtimerfreunde-miesbach.de\/wp-content\/uploads\/2024\/12\/241108-Schupfenumbau-7296_3-768x576.jpg 768w\" sizes=\"auto, (max-width: 1024px) 100vw, 1024px\" \/><\/figure>\n\n\n\n<figure class=\"wp-block-image size-large\"><img loading=\"lazy\" decoding=\"async\" width=\"1024\" height=\"768\" data-id=\"13821\" src=\"https:\/\/oldtimerfreunde-miesbach.de\/wp-content\/uploads\/2024\/12\/241108-Schupfenumbau-7297.jpg\" alt=\"\" class=\"wp-image-13821\" srcset=\"https:\/\/oldtimerfreunde-miesbach.de\/wp-content\/uploads\/2024\/12\/241108-Schupfenumbau-7297.jpg 1024w, https:\/\/oldtimerfreunde-miesbach.de\/wp-content\/uploads\/2024\/12\/241108-Schupfenumbau-7297-300x225.jpg 300w, https:\/\/oldtimerfreunde-miesbach.de\/wp-content\/uploads\/2024\/12\/241108-Schupfenumbau-7297-768x576.jpg 768w\" sizes=\"auto, (max-width: 1024px) 100vw, 1024px\" \/><\/figure>\n\n\n\n<figure class=\"wp-block-image size-large\"><img loading=\"lazy\" decoding=\"async\" width=\"1024\" height=\"768\" data-id=\"13826\" src=\"https:\/\/oldtimerfreunde-miesbach.de\/wp-content\/uploads\/2024\/12\/241108-Schupfenumbau-7299.jpg\" alt=\"\" class=\"wp-image-13826\" srcset=\"https:\/\/oldtimerfreunde-miesbach.de\/wp-content\/uploads\/2024\/12\/241108-Schupfenumbau-7299.jpg 1024w, https:\/\/oldtimerfreunde-miesbach.de\/wp-content\/uploads\/2024\/12\/241108-Schupfenumbau-7299-300x225.jpg 300w, https:\/\/oldtimerfreunde-miesbach.de\/wp-content\/uploads\/2024\/12\/241108-Schupfenumbau-7299-768x576.jpg 768w\" sizes=\"auto, (max-width: 1024px) 100vw, 1024px\" \/><\/figure>\n\n\n\n<figure class=\"wp-block-image size-large\"><img loading=\"lazy\" decoding=\"async\" width=\"1024\" height=\"768\" data-id=\"13825\" src=\"https:\/\/oldtimerfreunde-miesbach.de\/wp-content\/uploads\/2024\/12\/241108-Schupfenumbau-7300.jpg\" alt=\"\" class=\"wp-image-13825\" srcset=\"https:\/\/oldtimerfreunde-miesbach.de\/wp-content\/uploads\/2024\/12\/241108-Schupfenumbau-7300.jpg 1024w, https:\/\/oldtimerfreunde-miesbach.de\/wp-content\/uploads\/2024\/12\/241108-Schupfenumbau-7300-300x225.jpg 300w, https:\/\/oldtimerfreunde-miesbach.de\/wp-content\/uploads\/2024\/12\/241108-Schupfenumbau-7300-768x576.jpg 768w\" sizes=\"auto, (max-width: 1024px) 100vw, 1024px\" \/><\/figure>\n\n\n\n<figure class=\"wp-block-image size-large\"><img loading=\"lazy\" decoding=\"async\" width=\"1024\" height=\"768\" data-id=\"13820\" src=\"https:\/\/oldtimerfreunde-miesbach.de\/wp-content\/uploads\/2024\/12\/241108-Schupfenumbau-7302_1.jpg\" alt=\"\" class=\"wp-image-13820\" srcset=\"https:\/\/oldtimerfreunde-miesbach.de\/wp-content\/uploads\/2024\/12\/241108-Schupfenumbau-7302_1.jpg 1024w, https:\/\/oldtimerfreunde-miesbach.de\/wp-content\/uploads\/2024\/12\/241108-Schupfenumbau-7302_1-300x225.jpg 300w, https:\/\/oldtimerfreunde-miesbach.de\/wp-content\/uploads\/2024\/12\/241108-Schupfenumbau-7302_1-768x576.jpg 768w\" sizes=\"auto, (max-width: 1024px) 100vw, 1024px\" \/><\/figure>\n\n\n\n<figure class=\"wp-block-image size-large\"><img loading=\"lazy\" decoding=\"async\" width=\"1024\" height=\"768\" data-id=\"13823\" src=\"https:\/\/oldtimerfreunde-miesbach.de\/wp-content\/uploads\/2024\/12\/241108-Schupfenumbau-7302_2.jpg\" alt=\"\" class=\"wp-image-13823\" srcset=\"https:\/\/oldtimerfreunde-miesbach.de\/wp-content\/uploads\/2024\/12\/241108-Schupfenumbau-7302_2.jpg 1024w, https:\/\/oldtimerfreunde-miesbach.de\/wp-content\/uploads\/2024\/12\/241108-Schupfenumbau-7302_2-300x225.jpg 300w, https:\/\/oldtimerfreunde-miesbach.de\/wp-content\/uploads\/2024\/12\/241108-Schupfenumbau-7302_2-768x576.jpg 768w\" sizes=\"auto, (max-width: 1024px) 100vw, 1024px\" \/><\/figure>\n\n\n\n<figure class=\"wp-block-image size-large\"><img loading=\"lazy\" decoding=\"async\" width=\"600\" height=\"800\" data-id=\"13822\" src=\"https:\/\/oldtimerfreunde-miesbach.de\/wp-content\/uploads\/2024\/12\/241108-Schupfenumbau-7303.jpg\" alt=\"\" class=\"wp-image-13822\" srcset=\"https:\/\/oldtimerfreunde-miesbach.de\/wp-content\/uploads\/2024\/12\/241108-Schupfenumbau-7303.jpg 600w, https:\/\/oldtimerfreunde-miesbach.de\/wp-content\/uploads\/2024\/12\/241108-Schupfenumbau-7303-225x300.jpg 225w\" sizes=\"auto, (max-width: 600px) 100vw, 600px\" \/><\/figure>\n\n\n\n<figure class=\"wp-block-image size-large\"><img loading=\"lazy\" decoding=\"async\" width=\"1024\" height=\"768\" data-id=\"13827\" src=\"https:\/\/oldtimerfreunde-miesbach.de\/wp-content\/uploads\/2024\/12\/241108-Schupfenumbau-7304.jpg\" alt=\"\" class=\"wp-image-13827\" srcset=\"https:\/\/oldtimerfreunde-miesbach.de\/wp-content\/uploads\/2024\/12\/241108-Schupfenumbau-7304.jpg 1024w, https:\/\/oldtimerfreunde-miesbach.de\/wp-content\/uploads\/2024\/12\/241108-Schupfenumbau-7304-300x225.jpg 300w, https:\/\/oldtimerfreunde-miesbach.de\/wp-content\/uploads\/2024\/12\/241108-Schupfenumbau-7304-768x576.jpg 768w\" sizes=\"auto, (max-width: 1024px) 100vw, 1024px\" \/><\/figure>\n\n\n\n<figure class=\"wp-block-image size-large\"><img loading=\"lazy\" decoding=\"async\" width=\"1024\" height=\"768\" data-id=\"13828\" src=\"https:\/\/oldtimerfreunde-miesbach.de\/wp-content\/uploads\/2024\/12\/241108-Schupfenumbau-7305.jpg\" alt=\"\" class=\"wp-image-13828\" srcset=\"https:\/\/oldtimerfreunde-miesbach.de\/wp-content\/uploads\/2024\/12\/241108-Schupfenumbau-7305.jpg 1024w, https:\/\/oldtimerfreunde-miesbach.de\/wp-content\/uploads\/2024\/12\/241108-Schupfenumbau-7305-300x225.jpg 300w, https:\/\/oldtimerfreunde-miesbach.de\/wp-content\/uploads\/2024\/12\/241108-Schupfenumbau-7305-768x576.jpg 768w\" sizes=\"auto, (max-width: 1024px) 100vw, 1024px\" \/><\/figure>\n\n\n\n<figure class=\"wp-block-image size-large\"><img loading=\"lazy\" decoding=\"async\" width=\"1024\" height=\"768\" data-id=\"13829\" src=\"https:\/\/oldtimerfreunde-miesbach.de\/wp-content\/uploads\/2024\/12\/241108-Schupfenumbau-7500.jpg\" alt=\"\" class=\"wp-image-13829\" srcset=\"https:\/\/oldtimerfreunde-miesbach.de\/wp-content\/uploads\/2024\/12\/241108-Schupfenumbau-7500.jpg 1024w, https:\/\/oldtimerfreunde-miesbach.de\/wp-content\/uploads\/2024\/12\/241108-Schupfenumbau-7500-300x225.jpg 300w, https:\/\/oldtimerfreunde-miesbach.de\/wp-content\/uploads\/2024\/12\/241108-Schupfenumbau-7500-768x576.jpg 768w\" sizes=\"auto, (max-width: 1024px) 100vw, 1024px\" \/><\/figure>\n<\/figure>\n\n\n","protected":false},"excerpt":{"rendered":"<p>Geplant war es ja schon l\u00e4nger: unsere Vereinsschupf umbauen und etwas praktischer und sch\u00f6ner gestalten. Das Hochwasser im Juni 2024 hat dann noch einmal die Dringlichkeit erh\u00f6ht, standen doch da einige Fahrzeuge bis \u00fcber die Achsen im Wasser. Es war <span class=\"excerpt-dots\">&hellip;<\/span> <a class=\"more-link\" href=\"https:\/\/oldtimerfreunde-miesbach.de\/?page_id=13812\"><span class=\"more-msg\">Weiterlesen &rarr;<\/span><\/a><\/p>\n","protected":false},"author":3,"featured_media":0,"parent":13177,"menu_order":5,"comment_status":"closed","ping_status":"closed","template":"","meta":{"ngg_post_thumbnail":0,"footnotes":""},"class_list":["post-13812","page","type-page","status-publish","hentry"],"publishpress_future_action":{"enabled":false,"date":"2026-04-22 18:37:20","action":"change-status","newStatus":"draft","terms":[],"taxonomy":"","extraData":[]},"publishpress_future_workflow_manual_trigger":{"enabledWorkflows":[]},"_links":{"self":[{"href":"https:\/\/oldtimerfreunde-miesbach.de\/index.php?rest_route=\/wp\/v2\/pages\/13812","targetHints":{"allow":["GET"]}}],"collection":[{"href":"https:\/\/oldtimerfreunde-miesbach.de\/index.php?rest_route=\/wp\/v2\/pages"}],"about":[{"href":"https:\/\/oldtimerfreunde-miesbach.de\/index.php?rest_route=\/wp\/v2\/types\/page"}],"author":[{"embeddable":true,"href":"https:\/\/oldtimerfreunde-miesbach.de\/index.php?rest_route=\/wp\/v2\/users\/3"}],"replies":[{"embeddable":true,"href":"https:\/\/oldtimerfreunde-miesbach.de\/index.php?rest_route=%2Fwp%2Fv2%2Fcomments&post=13812"}],"version-history":[{"count":2,"href":"https:\/\/oldtimerfreunde-miesbach.de\/index.php?rest_route=\/wp\/v2\/pages\/13812\/revisions"}],"predecessor-version":[{"id":13830,"href":"https:\/\/oldtimerfreunde-miesbach.de\/index.php?rest_route=\/wp\/v2\/pages\/13812\/revisions\/13830"}],"up":[{"embeddable":true,"href":"https:\/\/oldtimerfreunde-miesbach.de\/index.php?rest_route=\/wp\/v2\/pages\/13177"}],"wp:attachment":[{"href":"https:\/\/oldtimerfreunde-miesbach.de\/index.php?rest_route=%2Fwp%2Fv2%2Fmedia&parent=13812"}],"curies":[{"name":"wp","href":"https:\/\/api.w.org\/{rel}","templated":true}]}}