{"id":13855,"date":"2025-02-20T15:45:15","date_gmt":"2025-02-20T15:45:15","guid":{"rendered":"https:\/\/oldtimerfreunde-miesbach.de\/?page_id=13855"},"modified":"2026-02-24T10:09:26","modified_gmt":"2026-02-24T10:09:26","slug":"2025-2","status":"publish","type":"page","link":"https:\/\/oldtimerfreunde-miesbach.de\/?page_id=13855","title":{"rendered":"2025"},"content":{"rendered":"\n<table style=\"border-collapse: collapse; width: 100%;\">\n<tbody>\n<tr>\n<td style=\"width: 100%;\"><a href=\"https:\/\/oldtimerfreunde-miesbach.de\/?page_id=13895\">Vereinsausflug ins Audi museum mobile und Stadtf\u00fchrung in Ingolstadt<\/a><\/td>\n<\/tr>\n<tr>\n<td style=\"width: 100%;\"><a href=\"https:\/\/oldtimerfreunde-miesbach.de\/?page_id=14029\">Oldtimer-Benefiz-Stadtrundfahrt<\/a><\/td>\n<\/tr>\n<tr>\n<td style=\"width: 100%;\"><a href=\"https:\/\/oldtimerfreunde-miesbach.de\/?page_id=14142\">Oldtimerfr\u00fchschoppen am Miesbacher Volksfest<\/a><\/td>\n<\/tr>\n<tr>\n<td style=\"width: 100%;\"><a href=\"https:\/\/oldtimerfreunde-miesbach.de\/?page_id=14206\">Jubil\u00e4umsfeier 10 Jahre Oldtimerfreunde Miesbach<\/a><\/td>\n<\/tr>\n<tr>\n<td style=\"width: 100%;\"><a href=\"https:\/\/oldtimerfreunde-miesbach.de\/?page_id=14370\">Saisonabschluss am Kirta-Montag<\/a><\/td>\n<\/tr>\n<tr>\n<td style=\"width: 100%;\">&nbsp;<\/td>\n<\/tr>\n<tr>\n<td style=\"width: 100%;\">&nbsp;<\/td>\n<\/tr>\n<\/tbody>\n<\/table>\n\n\n\n\n","protected":false},"excerpt":{"rendered":"<p>Vereinsausflug ins Audi museum mobile und Stadtf\u00fchrung in Ingolstadt Oldtimer-Benefiz-Stadtrundfahrt Oldtimerfr\u00fchschoppen am Miesbacher Volksfest Jubil\u00e4umsfeier 10 Jahre Oldtimerfreunde Miesbach Saisonabschluss am Kirta-Montag &nbsp; &nbsp;<\/p>\n <a class=\"more-link\" href=\"https:\/\/oldtimerfreunde-miesbach.de\/?page_id=13855\"><span class=\"more-msg\">Weiterlesen &rarr;<\/span><\/a>","protected":false},"author":3,"featured_media":0,"parent":2001,"menu_order":9,"comment_status":"closed","ping_status":"closed","template":"","meta":{"ngg_post_thumbnail":0,"footnotes":""},"class_list":["post-13855","page","type-page","status-publish","hentry"],"publishpress_future_action":{"enabled":false,"date":"2026-04-27 05:15:16","action":"change-status","newStatus":"draft","terms":[],"taxonomy":"","extraData":[]},"publishpress_future_workflow_manual_trigger":{"enabledWorkflows":[]},"_links":{"self":[{"href":"https:\/\/oldtimerfreunde-miesbach.de\/index.php?rest_route=\/wp\/v2\/pages\/13855","targetHints":{"allow":["GET"]}}],"collection":[{"href":"https:\/\/oldtimerfreunde-miesbach.de\/index.php?rest_route=\/wp\/v2\/pages"}],"about":[{"href":"https:\/\/oldtimerfreunde-miesbach.de\/index.php?rest_route=\/wp\/v2\/types\/page"}],"author":[{"embeddable":true,"href":"https:\/\/oldtimerfreunde-miesbach.de\/index.php?rest_route=\/wp\/v2\/users\/3"}],"replies":[{"embeddable":true,"href":"https:\/\/oldtimerfreunde-miesbach.de\/index.php?rest_route=%2Fwp%2Fv2%2Fcomments&post=13855"}],"version-history":[{"count":7,"href":"https:\/\/oldtimerfreunde-miesbach.de\/index.php?rest_route=\/wp\/v2\/pages\/13855\/revisions"}],"predecessor-version":[{"id":14376,"href":"https:\/\/oldtimerfreunde-miesbach.de\/index.php?rest_route=\/wp\/v2\/pages\/13855\/revisions\/14376"}],"up":[{"embeddable":true,"href":"https:\/\/oldtimerfreunde-miesbach.de\/index.php?rest_route=\/wp\/v2\/pages\/2001"}],"wp:attachment":[{"href":"https:\/\/oldtimerfreunde-miesbach.de\/index.php?rest_route=%2Fwp%2Fv2%2Fmedia&parent=13855"}],"curies":[{"name":"wp","href":"https:\/\/api.w.org\/{rel}","templated":true}]}}