{"id":14206,"date":"2025-07-15T11:50:32","date_gmt":"2025-07-15T11:50:32","guid":{"rendered":"https:\/\/oldtimerfreunde-miesbach.de\/?page_id=14206"},"modified":"2025-07-19T06:42:35","modified_gmt":"2025-07-19T06:42:35","slug":"10-jahre-oldtimerfreunde-miesbach-e-v","status":"publish","type":"page","link":"https:\/\/oldtimerfreunde-miesbach.de\/?page_id=14206","title":{"rendered":"10 Jahre Oldtimerfreunde Miesbach e.V."},"content":{"rendered":"\n<div class=\"wp-block-columns is-layout-flex wp-container-core-columns-is-layout-9d6595d7 wp-block-columns-is-layout-flex\">\n<div class=\"wp-block-column is-layout-flow wp-block-column-is-layout-flow\" style=\"flex-basis:65%\">\n<p>Nach monatelangen Vorbereitungen war es soweit: am 12. Juli 2025 konnten wir unser 10-j\u00e4hriges Bestehen mit einer gro\u00dfartigen Jubil\u00e4umsveranstaltung auf dem Haberer Platz feiern, die noch lange in Erinnerung bleiben wird.<br><br>Mitglieder, Freunde und begeisterte Besucher &#8211; darunter auch viele mit eigenen Oldtimern &#8211; nutzten die Gelegenheit, um gemeinsam zu feiern, sich auszutauschen und die Fahrzeuge zu bewundern. Bei \u00fcber 400 Fahrzeuge unterschiedlichster Epochen und Bauarten war zu sehen, wie viel Arbeit, Leidenschaft und Freude in der Restaurierung und Pflege alter Technik steckt.<\/p>\n<\/div>\n\n\n\n<div class=\"wp-block-column is-layout-flow wp-block-column-is-layout-flow\" style=\"flex-basis:35%\">\n<figure class=\"wp-block-image size-full\"><img loading=\"lazy\" decoding=\"async\" width=\"1024\" height=\"547\" src=\"https:\/\/oldtimerfreunde-miesbach.de\/wp-content\/uploads\/2025\/07\/250712_Miesbach_10-Jahre_OFM-102.jpg\" alt=\"\" class=\"wp-image-14217\" srcset=\"https:\/\/oldtimerfreunde-miesbach.de\/wp-content\/uploads\/2025\/07\/250712_Miesbach_10-Jahre_OFM-102.jpg 1024w, https:\/\/oldtimerfreunde-miesbach.de\/wp-content\/uploads\/2025\/07\/250712_Miesbach_10-Jahre_OFM-102-300x160.jpg 300w, https:\/\/oldtimerfreunde-miesbach.de\/wp-content\/uploads\/2025\/07\/250712_Miesbach_10-Jahre_OFM-102-768x410.jpg 768w\" sizes=\"auto, (max-width: 1024px) 100vw, 1024px\" \/><\/figure>\n<\/div>\n<\/div>\n\n\n\n<div class=\"wp-block-columns is-layout-flex wp-container-core-columns-is-layout-9d6595d7 wp-block-columns-is-layout-flex\">\n<div class=\"wp-block-column is-layout-flow wp-block-column-is-layout-flow\" style=\"flex-basis:33.33%\">\n<figure class=\"wp-block-image size-full\"><img loading=\"lazy\" decoding=\"async\" width=\"1024\" height=\"728\" src=\"https:\/\/oldtimerfreunde-miesbach.de\/wp-content\/uploads\/2025\/07\/250712-Die-Miesbacherin-1.jpg\" alt=\"\" class=\"wp-image-14224\" srcset=\"https:\/\/oldtimerfreunde-miesbach.de\/wp-content\/uploads\/2025\/07\/250712-Die-Miesbacherin-1.jpg 1024w, https:\/\/oldtimerfreunde-miesbach.de\/wp-content\/uploads\/2025\/07\/250712-Die-Miesbacherin-1-300x213.jpg 300w, https:\/\/oldtimerfreunde-miesbach.de\/wp-content\/uploads\/2025\/07\/250712-Die-Miesbacherin-1-768x546.jpg 768w\" sizes=\"auto, (max-width: 1024px) 100vw, 1024px\" \/><\/figure>\n<\/div>\n\n\n\n<div class=\"wp-block-column is-layout-flow wp-block-column-is-layout-flow\" style=\"flex-basis:66.66%\">\n<p>Ein aussergew\u00f6hnliches Schmankerl zeigten wieder einmal die Waitzingerfreunde rund um Bertl Moser: eine DKW RT 200 H von 1951. Vom Kaufvertrag \u00fcber Kraftfahrzeugschein bis zur Betriebsanleitung ist alles original vorhanden und seit 1951 war das Motorrad nie woanders als in Miesbach. <br><br>Folgerichtig und vollkommen berechtigt hat sie auch einen Namen: <br>&#8222;Die Miesbacherin&#8220;. <br><br>Dieses au\u00dfergew\u00f6hnliche Exemplar zog die Blicke auf sich und zeigte, wie spannend die Welt der Oldtimer ist. Mehr dar\u00fcber in den <a href=\"https:\/\/oldtimerfreunde-miesbach.de\/?page_id=11357\">Presseberichten<\/a>.<\/p>\n<\/div>\n<\/div>\n\n\n\n<div class=\"wp-block-columns is-layout-flex wp-container-core-columns-is-layout-9d6595d7 wp-block-columns-is-layout-flex\">\n<div class=\"wp-block-column is-layout-flow wp-block-column-is-layout-flow\" style=\"flex-basis:60%\">\n<p>Und eine ganz besondere \u00dcberraschung gab es noch von der Schreinerei Florian Birmoser: Er schenkte den Oldtimerfreunden eine Jawa 555 aus 1954 als Schrauberprojekt f\u00fcr unsere Jugend.&nbsp;<\/p>\n\n\n\n<p>Unterst\u00fctzt wurde die Veranstaltung von namhaften Partnern wie T\u00dcV S\u00fcd, dem BRK, der Polizei und der Fahrschule Thaler, die eigene Infost\u00e4nde aufgebaut hatten. Sie boten wertvolle Informationen rund um Sicherheit, Fahrzeugtechnik und Fahrsicherheit im Umgang mit Oldtimern. F\u00fcr das leibliche Wohl sorgten die Haberer, die geregelte An- und Abfahrt der Oldtimer stellte die Feuerwehr Miesbach sicher und den Veranstaltungsort mitten im Herzen von Miesbach erm\u00f6glichte die Stadt Miesbach.<\/p>\n<\/div>\n\n\n\n<div class=\"wp-block-column is-layout-flow wp-block-column-is-layout-flow\" style=\"flex-basis:40%\">\n<figure class=\"wp-block-image size-medium\"><img loading=\"lazy\" decoding=\"async\" width=\"300\" height=\"225\" src=\"https:\/\/oldtimerfreunde-miesbach.de\/wp-content\/uploads\/2025\/07\/250712-Jawa-Birmoser-300x225.jpg\" alt=\"\" class=\"wp-image-14213\" srcset=\"https:\/\/oldtimerfreunde-miesbach.de\/wp-content\/uploads\/2025\/07\/250712-Jawa-Birmoser-300x225.jpg 300w, https:\/\/oldtimerfreunde-miesbach.de\/wp-content\/uploads\/2025\/07\/250712-Jawa-Birmoser-768x576.jpg 768w, https:\/\/oldtimerfreunde-miesbach.de\/wp-content\/uploads\/2025\/07\/250712-Jawa-Birmoser.jpg 1024w\" sizes=\"auto, (max-width: 300px) 100vw, 300px\" \/><\/figure>\n<\/div>\n<\/div>\n\n\n\n<p>Die Jubil\u00e4umsfeier war ein voller Erfolg und hat einmal mehr gezeigt, wie lebendig und engagiert unsere Oldtimer-Gemeinschaft ist. Wir danken allen, die diesen Tag m\u00f6glich gemacht haben, und freuen uns auf viele weitere gemeinsame Jahre voller Leidenschaft f\u00fcr klassische Fahrzeuge!<br><br>Mehr dar\u00fcber auch in der <a href=\"https:\/\/www.merkur.de\/lokales\/region-miesbach\/miesbach-ort29062\/oldtimerfreunde-miesbach-fahren-zum-zehnjaehrigen-fast-alles-auf-93832004.html?utm_source=_shared\" target=\"_blank\" rel=\"noreferrer noopener\">Presse&#8230;<\/a><\/p>\n\n\n\nngg_shortcode_0_placeholder\n<p>&nbsp;<\/p>\n","protected":false},"excerpt":{"rendered":"<p>Nach monatelangen Vorbereitungen war es soweit: am 12. Juli 2025 konnten wir unser 10-j\u00e4hriges Bestehen mit einer gro\u00dfartigen Jubil\u00e4umsveranstaltung auf dem Haberer Platz feiern, die noch lange in Erinnerung bleiben wird. Mitglieder, Freunde und begeisterte Besucher &#8211; darunter auch viele <span class=\"excerpt-dots\">&hellip;<\/span> <a class=\"more-link\" href=\"https:\/\/oldtimerfreunde-miesbach.de\/?page_id=14206\"><span class=\"more-msg\">Weiterlesen &rarr;<\/span><\/a><\/p>\n","protected":false},"author":3,"featured_media":0,"parent":13855,"menu_order":75,"comment_status":"closed","ping_status":"closed","template":"","meta":{"ngg_post_thumbnail":0,"footnotes":""},"class_list":["post-14206","page","type-page","status-publish","hentry"],"publishpress_future_action":{"enabled":false,"date":"2026-04-27 03:30:59","action":"change-status","newStatus":"draft","terms":[],"taxonomy":"","extraData":[]},"publishpress_future_workflow_manual_trigger":{"enabledWorkflows":[]},"_links":{"self":[{"href":"https:\/\/oldtimerfreunde-miesbach.de\/index.php?rest_route=\/wp\/v2\/pages\/14206","targetHints":{"allow":["GET"]}}],"collection":[{"href":"https:\/\/oldtimerfreunde-miesbach.de\/index.php?rest_route=\/wp\/v2\/pages"}],"about":[{"href":"https:\/\/oldtimerfreunde-miesbach.de\/index.php?rest_route=\/wp\/v2\/types\/page"}],"author":[{"embeddable":true,"href":"https:\/\/oldtimerfreunde-miesbach.de\/index.php?rest_route=\/wp\/v2\/users\/3"}],"replies":[{"embeddable":true,"href":"https:\/\/oldtimerfreunde-miesbach.de\/index.php?rest_route=%2Fwp%2Fv2%2Fcomments&post=14206"}],"version-history":[{"count":20,"href":"https:\/\/oldtimerfreunde-miesbach.de\/index.php?rest_route=\/wp\/v2\/pages\/14206\/revisions"}],"predecessor-version":[{"id":14320,"href":"https:\/\/oldtimerfreunde-miesbach.de\/index.php?rest_route=\/wp\/v2\/pages\/14206\/revisions\/14320"}],"up":[{"embeddable":true,"href":"https:\/\/oldtimerfreunde-miesbach.de\/index.php?rest_route=\/wp\/v2\/pages\/13855"}],"wp:attachment":[{"href":"https:\/\/oldtimerfreunde-miesbach.de\/index.php?rest_route=%2Fwp%2Fv2%2Fmedia&parent=14206"}],"curies":[{"name":"wp","href":"https:\/\/api.w.org\/{rel}","templated":true}]}}