{"id":14501,"date":"2026-03-04T15:28:01","date_gmt":"2026-03-04T15:28:01","guid":{"rendered":"https:\/\/oldtimerfreunde-miesbach.de\/?page_id=14501"},"modified":"2026-03-04T15:29:49","modified_gmt":"2026-03-04T15:29:49","slug":"4-historisches-fahrzeugtreffen","status":"publish","type":"page","link":"https:\/\/oldtimerfreunde-miesbach.de\/?page_id=14501","title":{"rendered":"4. Historisches Fahrzeugtreffen"},"content":{"rendered":"\n<div class=\"wp-block-columns is-layout-flex wp-container-core-columns-is-layout-9d6595d7 wp-block-columns-is-layout-flex\">\n<div class=\"wp-block-column is-layout-flow wp-block-column-is-layout-flow\" style=\"flex-basis:66.66%\">\n<p>Fast wie olympische Spiele, aber viel aufregender: alle vier Jahre veranstalten wir unser weit \u00fcber die Region hinaus bekanntes gro\u00dfes Oldtimertreffen.&nbsp; Dieses Jahr ist es wieder soweit:<\/p>\n<p>Am <strong>Samstag, den 18. Juli ab 10 Uhr<\/strong> brummt es wieder in Miesbach!<\/p>\n<p>Neben Fahrzeugen aus unterschiedlichsten Epochen, informativen St\u00e4nden von Partnern, Essen und Trinken&nbsp; wird es eine ganz besondere Ausstellung geben.<\/p>\n<p>Dazu brauchen wir Deine Unterst\u00fctzung. Mehr dar\u00fcber erf\u00e4hrst du <a href=\"https:\/\/oldtimerfreunde-miesbach.de\/?page_id=14515\">hier&#8230;<\/a><\/p>\n<\/div>\n\n\n\n<div class=\"wp-block-column is-layout-flow wp-block-column-is-layout-flow\" style=\"flex-basis:33.33%\">\n<figure class=\"wp-block-image size-medium\"><img loading=\"lazy\" decoding=\"async\" width=\"228\" height=\"300\" src=\"https:\/\/oldtimerfreunde-miesbach.de\/wp-content\/uploads\/2026\/02\/4.-OFM-Treffen-neu-mitQR-Code-klein-final-228x300.jpg\" alt=\"\" class=\"wp-image-14424\" srcset=\"https:\/\/oldtimerfreunde-miesbach.de\/wp-content\/uploads\/2026\/02\/4.-OFM-Treffen-neu-mitQR-Code-klein-final-228x300.jpg 228w, https:\/\/oldtimerfreunde-miesbach.de\/wp-content\/uploads\/2026\/02\/4.-OFM-Treffen-neu-mitQR-Code-klein-final-777x1024.jpg 777w, https:\/\/oldtimerfreunde-miesbach.de\/wp-content\/uploads\/2026\/02\/4.-OFM-Treffen-neu-mitQR-Code-klein-final-768x1013.jpg 768w, https:\/\/oldtimerfreunde-miesbach.de\/wp-content\/uploads\/2026\/02\/4.-OFM-Treffen-neu-mitQR-Code-klein-final-1165x1536.jpg 1165w, https:\/\/oldtimerfreunde-miesbach.de\/wp-content\/uploads\/2026\/02\/4.-OFM-Treffen-neu-mitQR-Code-klein-final.jpg 1500w\" sizes=\"auto, (max-width: 228px) 100vw, 228px\" \/><\/figure>\n<\/div>\n<\/div>\n","protected":false},"excerpt":{"rendered":"<p>Fast wie olympische Spiele, aber viel aufregender: alle vier Jahre veranstalten wir unser weit \u00fcber die Region hinaus bekanntes gro\u00dfes Oldtimertreffen.&nbsp; Dieses Jahr ist es wieder soweit: Am Samstag, den 18. Juli ab 10 Uhr brummt es wieder in Miesbach! <span class=\"excerpt-dots\">&hellip;<\/span> <a class=\"more-link\" href=\"https:\/\/oldtimerfreunde-miesbach.de\/?page_id=14501\"><span class=\"more-msg\">Weiterlesen &rarr;<\/span><\/a><\/p>\n","protected":false},"author":3,"featured_media":0,"parent":7,"menu_order":3,"comment_status":"closed","ping_status":"closed","template":"","meta":{"ngg_post_thumbnail":0,"footnotes":""},"class_list":["post-14501","page","type-page","status-publish","hentry"],"publishpress_future_action":{"enabled":false,"date":"2026-04-26 03:24:54","action":"change-status","newStatus":"draft","terms":[],"taxonomy":"","extraData":[]},"publishpress_future_workflow_manual_trigger":{"enabledWorkflows":[]},"_links":{"self":[{"href":"https:\/\/oldtimerfreunde-miesbach.de\/index.php?rest_route=\/wp\/v2\/pages\/14501","targetHints":{"allow":["GET"]}}],"collection":[{"href":"https:\/\/oldtimerfreunde-miesbach.de\/index.php?rest_route=\/wp\/v2\/pages"}],"about":[{"href":"https:\/\/oldtimerfreunde-miesbach.de\/index.php?rest_route=\/wp\/v2\/types\/page"}],"author":[{"embeddable":true,"href":"https:\/\/oldtimerfreunde-miesbach.de\/index.php?rest_route=\/wp\/v2\/users\/3"}],"replies":[{"embeddable":true,"href":"https:\/\/oldtimerfreunde-miesbach.de\/index.php?rest_route=%2Fwp%2Fv2%2Fcomments&post=14501"}],"version-history":[{"count":14,"href":"https:\/\/oldtimerfreunde-miesbach.de\/index.php?rest_route=\/wp\/v2\/pages\/14501\/revisions"}],"predecessor-version":[{"id":14520,"href":"https:\/\/oldtimerfreunde-miesbach.de\/index.php?rest_route=\/wp\/v2\/pages\/14501\/revisions\/14520"}],"up":[{"embeddable":true,"href":"https:\/\/oldtimerfreunde-miesbach.de\/index.php?rest_route=\/wp\/v2\/pages\/7"}],"wp:attachment":[{"href":"https:\/\/oldtimerfreunde-miesbach.de\/index.php?rest_route=%2Fwp%2Fv2%2Fmedia&parent=14501"}],"curies":[{"name":"wp","href":"https:\/\/api.w.org\/{rel}","templated":true}]}}